{"id":20,"date":"2016-05-25T19:48:15","date_gmt":"2016-05-25T16:48:15","guid":{"rendered":"http:\/\/tekkis.fi\/?page_id=20"},"modified":"2020-11-22T18:57:03","modified_gmt":"2020-11-22T16:57:03","slug":"saveltaja-muusikko","status":"publish","type":"page","link":"https:\/\/tekkis.fi\/index.php\/saveltaja-muusikko\/","title":{"rendered":"S\u00e4velt\u00e4j\u00e4 muusikko"},"content":{"rendered":"<figure id=\"attachment_8\" aria-describedby=\"caption-attachment-8\" style=\"width: 800px\" class=\"wp-caption alignnone\"><img loading=\"lazy\" decoding=\"async\" class=\"wp-image-8\" src=\"http:\/\/tekkis.fi\/wp-content\/uploads\/2016\/03\/WP_20150410_001-300x169.jpg\" alt=\"Nauhoitus-sessio\" width=\"800\" height=\"450\" srcset=\"https:\/\/tekkis.fi\/wp-content\/uploads\/2016\/03\/WP_20150410_001-300x169.jpg 300w, https:\/\/tekkis.fi\/wp-content\/uploads\/2016\/03\/WP_20150410_001-768x432.jpg 768w, https:\/\/tekkis.fi\/wp-content\/uploads\/2016\/03\/WP_20150410_001-1024x577.jpg 1024w, https:\/\/tekkis.fi\/wp-content\/uploads\/2016\/03\/WP_20150410_001-1200x676.jpg 1200w\" sizes=\"(max-width: 800px) 100vw, 800px\" \/><figcaption id=\"caption-attachment-8\" class=\"wp-caption-text\">Nauhoitus-sessio<\/figcaption><\/figure>\n<p>Olen kasvanut musiikin keskell\u00e4 lapsesta asti ja olen ollut siit\u00e4 aina todella kiinnostunut. Laulanut olen my\u00f6s niin pienest\u00e4 kuin kykenen muistamaan. Joskus ala-asteik\u00e4isen\u00e4 sain s\u00e4hk\u00f6urut joilla opettelin soittamaan soinnuttamalla. My\u00f6hemmin vanhempieni ostettua Fazer merkkisen pianon opettelin omatoimisesti soittamaan vasemman k\u00e4den nuoteista. Yl\u00e4asteen lopulla innostuin yksinlaulutunneista ja hain kesken lukuvuoden avoimelle osastolle L\u00e4nsi-Uudenmaan musiikkiopistoon. Sain opettajakseni oopperalaulaja Pirkko Talolan. Pirkko suositti minua varsinaiselle oppilaspaikalle musiikkiopistoon seuraavalle lukuvuodelle ja n\u00e4in p\u00e4\u00e4sin musiikkiopiston varsinaiseksi oppilaaksi. My\u00f6hemmin lauluopintoihin tuli katkos joka kesti muutaman vuoden. V\u00e4livuosia pidetty\u00e4ni palasin laulutunneille oopperalaulaja Kaarina Ollilan oppiin. Yhteens\u00e4 lauluopintoja tuli 4-6vuotta n. 8 vuoden aikana. Pianolla soitin l\u00e4hinn\u00e4 itse itse\u00e4ni s\u00e4est\u00e4en.<\/p>\n<p>Nyt my\u00f6hemmin l\u00e4himenneisyydess\u00e4 terveyden reistaillessa.Vaikeita aikoja el\u00e4ess\u00e4ni. Olen l\u00f6yt\u00e4nyt musiikille syvemm\u00e4n merkityksen el\u00e4m\u00e4ss\u00e4ni. Koin ahaa el\u00e4myksen s\u00e4velt\u00e4mist\u00e4 kokeillessani. L\u00f6ysin itsest\u00e4ni uusia lahjoja. Olen aina pit\u00e4nyt s\u00e4velt\u00e4ji\u00e4 jotenkin yli-ihmisin\u00e4. Ihmettelen viel\u00e4kin miten min\u00e4 tavallinen tallaaja kykenen tuottamaan s\u00e4velmi\u00e4 ja teksti\u00e4 niin ett\u00e4 voin tuottaa iloa muille.<\/p>\n<p>Olen opetellut soittamaan lis\u00e4ksi v\u00e4h\u00e4n ukulelea, huuliharppua, viulua, nokkahuiluja, kitaraa, rumpuja ja bassoa.<\/p>\n<p>Olen aikalailla sitoutumaton musiikin genrejen suhteen, mutta esikoisteokseni viululle ja sinfoniaorkesterille edustaa klassista tyyli\u00e4.<\/p>\n<p>Pahoittelut ettei minulla ollut k\u00e4ytett\u00e4viss\u00e4ni sinfonia orkesteria \u00e4\u00e4nitykseen vaan Sibelius ohjelma alla olevaan kappaleeseen.<\/p>\n<p><iframe loading=\"lazy\" title=\"Viulukappale,Terho Holopainen\" width=\"880\" height=\"660\" src=\"https:\/\/www.youtube.com\/embed\/r3RZVYmaO1A?feature=oembed\" frameborder=\"0\" allow=\"accelerometer; autoplay; clipboard-write; encrypted-media; gyroscope; picture-in-picture; web-share\" allowfullscreen><\/iframe><\/p>\n","protected":false},"excerpt":{"rendered":"<p>Olen kasvanut musiikin keskell\u00e4 lapsesta asti ja olen ollut siit\u00e4 aina todella kiinnostunut. Laulanut olen my\u00f6s niin pienest\u00e4 kuin kykenen<\/p>\n<p><a href=\"https:\/\/tekkis.fi\/index.php\/saveltaja-muusikko\/\" class=\"more-link\">Continue reading<span class=\"screen-reader-text\">S\u00e4velt\u00e4j\u00e4 muusikko<\/span><\/a><\/p>\n","protected":false},"author":1,"featured_media":0,"parent":0,"menu_order":3,"comment_status":"closed","ping_status":"closed","template":"","meta":{"footnotes":""},"class_list":["post-20","page","type-page","status-publish","hentry"],"_links":{"self":[{"href":"https:\/\/tekkis.fi\/index.php\/wp-json\/wp\/v2\/pages\/20"}],"collection":[{"href":"https:\/\/tekkis.fi\/index.php\/wp-json\/wp\/v2\/pages"}],"about":[{"href":"https:\/\/tekkis.fi\/index.php\/wp-json\/wp\/v2\/types\/page"}],"author":[{"embeddable":true,"href":"https:\/\/tekkis.fi\/index.php\/wp-json\/wp\/v2\/users\/1"}],"replies":[{"embeddable":true,"href":"https:\/\/tekkis.fi\/index.php\/wp-json\/wp\/v2\/comments?post=20"}],"version-history":[{"count":7,"href":"https:\/\/tekkis.fi\/index.php\/wp-json\/wp\/v2\/pages\/20\/revisions"}],"predecessor-version":[{"id":259,"href":"https:\/\/tekkis.fi\/index.php\/wp-json\/wp\/v2\/pages\/20\/revisions\/259"}],"wp:attachment":[{"href":"https:\/\/tekkis.fi\/index.php\/wp-json\/wp\/v2\/media?parent=20"}],"curies":[{"name":"wp","href":"https:\/\/api.w.org\/{rel}","templated":true}]}}